second derivative of -u**5/20 + 11*u**4/12 - 2*u**3/3 + 9*u**2/2 + 387*u. Calculate t(11).
-35
Let g(h) = -h**3 - 3*h**2 - 2*h + 3. Let q = 3182 - 3185. Determine g(q).
9
Let u(m) = m**2 - 9*m + 9. Suppose -3*j + 345 = 3*l, j + j + 3*l = 225. Let c be (-4)/5*j/(-16). What is u(c)?
-9
Let j(n) = -3 + 94*n - 7 + 74*n - 269*n + 2*n**2 + 95*n. Give j(-5).
70
Let r(x) be the first derivative of 5/2*x**2 + 37 - 3*x + 1/4*x**4 - 5/3*x**3. What is r(5)?
22
Let o = -12455 + 12465. Let a(j) = -j**2 + 20*j - 63. Determine a(o).
37
Suppose 2*y + 10 = 2*t - y, 0 = -5*t - y + 42. Suppose -t*w = -6*w - 4. Let i(s) = -3*s + 4 - 9*s**w + 0*s**2 + 2*s**2 + s**3 + 3*s**2. Calculate i(5).
14
Let z(q) be the first derivative of -q**6/360 - 5*q**4/24 + 8*q**3 - 2*q - 45. Let l(d) be the third derivative of z(d). Suppose 0 = 2*c + 2*c. Determine l(c).
-5
Let d(b) = -3 + 33*b - 18*b + 2 - 15*b + 18*b**2. Determine d(1).
17
Let f(w) = -2*w**2 - 110*w - 975. Let h be f(-11). Let s(q) = -2*q**2 - 10*q + 15. Calculate s(h).
-13
Let r(f) be the third derivative of -f**6/360 - 3*f**5/40 - 7*f**4/24 - 21*f**3/2 - 86*f**2. Let z(w) be the first derivative of r(w). Determine z(-6).
11
Let w(k) be the third derivative of -k**5/120 + k**4/24 + 19*k**3/6 - 173*k**2. Let z(u) be the first derivative of w(u). Let c = -3 + 8. What is z(c)?
-4
Suppose -5*l - c = -26, 7 + 6 = 3*l - 2*c. Let g(h) = -10*h + 6*h + 20*h + l*h - 1. Calculate g(-1).
-22
Suppose 2*u + 4*w + 20 = 0, 0*u - 5 = u - 3*w. Let s(h) be the second derivative of -h**5/20 - 7*h**4/12 + 5*h**3/6 - 9*h**2/2 + 16*h. Give s(u).
15
Let o(a) = 30 + a**2 - 46 - 6*a + 22. Let t(k) = -4*k**2 + 4*k**2 + 5 - 3*k**3 - 5*k**2 + 2*k**3. Let v be t(-5). What is o(v)?
1
Let d(w) = -w**3 + 4*w**2 - 2*w + 2. Suppose 0 = 5*c + 25, 4*c = 2*q - 12 - 12. Let z be -5 - (q + -3 + -1). Let n be 6/6 + (-1 - z). Determine d(n).
5
Let u(x) = -11*x + 7. Let i be u(0). Let k(r) = -r + 4. Let p(d) = -d - 7 + 2*d - 2 + d. Let v(b) = i*k(b) + 4*p(b). Determine v(6).
-2
Let m(s) = s**3 + 11*s**2 + 7*s + 54. Let a be m(-11). Let v = a - -24. Let q(k) = 7*k**3 - k**2 + 1. Determine q(v).
7
Let r(y) = 10*y**2 - 32*y - 1. Let o(l) = -2*l**2 + 8*l. Let x(a) = -18*o(a) - 4*r(a). Calculate x(-4).
4
Let w(d) = d**3 + 59*d**2 - 199*d - 797. Let i be w(-62). Let p(j) = j**2 - 13*j + 5. What is p(i)?
-31
Suppose 3*c - c - b - 11 = 0, 4*c + 2*b = 26. Let l(r) = 7*r - 36. Let s be l(c). Let t be 3/s + 55/40*4. Let o(m) = m + 3. Give o(t).
9
Let i(z) = -17*z**2 - 6*z - 2. Let s(t) = 38*t**2 + 11*t + 3. Let j(x) = 9*i(x) + 4*s(x). What is j(-7)?
15
Let c(w) = 5*w + 125. Let j be c(-24). Let o(z) = 2*z + 33. Let d(a) = -3*a - 49. Let k = -1 + 8. Let b(n) = j*d(n) + k*o(n). Give b(-6).
-8
Let y = 9160 + -9155. Let i(f) be the second derivative of 3/2*f**2 + 17*f + 5/12*f**4 - 5/6*f**3 - 1/20*f**y + 0. What is i(4)?
-1
Let h(b) = 2*b**2 - 6*b + 2. Suppose 11*q - 20 = q. Let x be q/17 - 1320/(-340). Calculate h(x).
10
Let w(f) be the third derivative of f**5/60 + 5*f**4/12 - 7*f**3/3 - 5*f**2 - 15. What is w(-12)?
10
Let w(i) = -2*i - 12. Let g be w(-8). Let m(q) = -g*q - 11 - q**2 + 4 + 2 + 6. Let r(z) = -3*z**2 - z. Let l be r(-1). Determine m(l).
5
Let r(h) = -4*h + 1. Let i = -5342 + 5338. Calculate r(i).
17
Let f(z) = 612*z + 601*z - 15 - 24 - 1229*z + z**2. Give f(18).
-3
Let f = 42 - 34. Let g(v) be the third derivative of v**6/360 - v**5/15 - v**4/3 - 3*v**3/2 + 22*v**2. Let o(p) be the first derivative of g(p). Calculate o(f).
-8
Let v(i) = -4*i**3 + i**2 + 1. Let l(u) = -2*u**3 + 3*u**2 + u + 7. Let m(p) = l(p) - v(p). What is m(-2)?
-4
Let b(x) be the second derivative of -1/6*x**3 + 1/2*x**2 + 0 + 78*x. Let f be (2/4)/((-1)/2). Determine b(f).
2
Let x(w) be the second derivative of w**5/20 - 11*w**4/12 + 4*w**3 + 5*w**2/2 + 2271*w. Determine x(8).
5
Suppose 3*n - 125 + 128 = -w, -6*w + 4*n - 40 = 0. Let i(m) = 2*m**2 + 7*m - 5. Give i(w).
25
Let i(w) = -21*w - 5. Let j be (16 - 1)*46/345. Give i(j).
-47
Let v = 28 + -16. Let l be v/16 - 5/(-4). Let y(u) = l - 1 - 6*u + 14*u. Determine y(1).
9
Let b(n) = n**2 - 3*n - 3. Let l = 898 - 904. Let d = -1 - l. Calculate b(d).
7
Let w(i) = 13*i**3 + 30*i**2 - 21*i - 23. Let q(s) = 21*s**3 + 45*s**2 - 31*s - 35. Suppose -5*o - 115 = 18*o. Let u(v) = o*q(v) + 8*w(v). What is u(14)?
5
Let q(k) = -5*k - 34. Suppose -h - 28 = 3*b, 3*h + 116 - 80 = -3*b. Calculate q(b).
6
Let w(y) = -y**3 - 5*y**2 + 3*y - 4. Suppose 171 + 286 = -78*q + 67. Give w(q).
-19
Let n = -71 + 141. Let g = 605 - 530. Let b = g - n. Let u(o) = -o**2 + 4*o + 1. Give u(b).
-4
Let r(t) = -7*t**2 + 68*t + 33. Let s be r(10). Let q(u) = -u**3 + 18*u**2 - 66*u + 18. Give q(s).
5
Let y(s) be the third derivative of s**3 - 1/24*s**4 + 0*s + 2*s**2 + 0. Let h(t) = 3*t**2 - 66*t - 6. Let d be h(22). Give y(d).
12
Let k(z) = 8*z**2 + 2*z - 15. Let u(l) = -4*l - 6 + 55*l**2 - 51*l**2 + 5*l. Let a(q) = -2*k(q) + 5*u(q). What is a(1)?
5
Let a(y) = y**3 - 14*y**2 + 12*y + 27. Let c be a(13). Let z be ((-22)/c - 0) + (-68)/(-119). Let r(h) be the third derivative of h**4/8 - 5*h**2. What is r(z)?
-3
Let l be -7 - (3 - (0 + (-128)/(-12))). Let f(i) be the third derivative of 0 - 7/60*i**5 - l*i**3 + 0*i + 3/8*i**4 + 1/120*i**6 - 15*i**2. Determine f(6).
14
Let x(f) = 1 + 882*f + 14 - 883*f. Give x(0).
15
Suppose 6*b + 55 - 37 = 0. Let s(h) = 7*h + 10*h - 19*h. Calculate s(b).
6
Let y(k) = -k**3 - 3*k**2 - 6*k - 3. Suppose 180 = 56*w - 44*w. Suppose 0*d + w*d = -30. Calculate y(d).
5
Let n(g) = 2*g - 6. Suppose -2 = -3*r + 10. Suppose -r*p + 11 + 1 = 0. Suppose 3*o - 2*o - 5*v - 6 = 0, -p*v = 4*o - 24. What is n(o)?
6
Suppose 4*y + 10 = 4*o + 3*y, 0 = -4*o - y + 6. Let d(r) = 2 + 2*r**2 - 2*r**3 + 8 - 1 + r**3 + o*r**2. Determine d(4).
9
Let k(f) = -746 + 740 + 19*f**2 - 17*f - 5*f**3 + 4*f**3. Calculate k(18).
12
Let q(k) be the third derivative of -5*k**4/24 + 14*k**3/3 - 3*k**2 - 318*k. Calculate q(-4).
48
Let v(r) = -3*r + 4. Let q be -3 + 23 + (0 - 16/(-4)). Suppose -2*x = -6*x - 2*j + q, 0 = 5*x - 4*j - 4. Calculate v(x).
-8
Suppose 245357*t = 245392*t. Let k(m) = m**3 - 9*m + 9. What is k(t)?
9
Let f(u) be the second derivative of -u**3 + 51*u**2 + 48*u - 2. Give f(13).
24
Let n(a) = 13150 - 6576 + 6*a - 6588. Give n(-6).
-50
Let q(l) = 3*l + 40. Let d = 3062 + -3078. Give q(d).
-8
Let a(f) = 7*f + 1. Suppose -5*w + 2*v = -1156, 3*w + 0*w - 687 = -v. Let r(p) = w - 7*p - p - 232. Let q(h) = -7*a(h) - 6*r(h). Give q(3).
2
Suppose 14*c + 5*t = 13*c + 27, 0 = 2*c - 5*t + 21. Let x(a) = c - 3 - 14*a + 8*a + 14*a - 9*a. Calculate x(-10).
9
Suppose -2*w + 23 = 3*d, -2*d + 3*d = 3. Suppose -w*o = -10*o - 9. Let h(r) = -r**2 - 8*r - 10. Let u be h(o). Let i(p) = p**2 - 2*p - 1. Calculate i(u).
14
Let t be -67*(-4)/(-10) + (-130)/650. Let w(r) = -r**3 - 29*r**2 - 56*r - 43. Calculate w(t).
11
Let t(m) = -21*m**2 - 19*m**2 - 20*m**2 - 18*m**2 + m**3 + 82*m**2 - 3. Suppose -2*h + 2*d + d = 0, -h = 4*d + 11. Give t(h).
6
Let w(o) = 13*o + 2. Let p(u) = 38*u + 3. Let d(x) = p(x) - 3*w(x). Let r(g) = g**3 + 3*g**2 - 4. Let q be r(-3). Let a be (q + 5)/(1/(-7)). Calculate d(a).
4
Let m(c) be the second derivative of c**4/3 + 5*c**3/2 - c**2/2 - 4461*c. What is m(3)?
80
Suppose 0 = -2*u + 4*a + 44, -5*u + 63*a - 66*a = -58. Let k(g) be the first derivative of g**2/2 - 14*g + 16. What is k(u)?
0
Let j be (-7 + 6)/((-1)/8). Let t(f) = -2*f + 18. Let s be t(j). Let d(m) = 3*m + 0 - 4*m + 1 - s. Calculate d(-2).
1
Suppose 265*f - 271*f = -12. Let g(d) = 153*d + d**3 - 3 + 2 - 155*d + 3*d**f. Give g(2).
15
Let r = -79 - -163. Let a = r + -103. Let x(s) = -s**3 - 19*s**2 - s - 15. What is x(a)?
4
Suppose 5*r + 415 = -0*r. Let o = 85 + r. Let g(y) = -78*y**o + 10*y + 4 - y + 79*y**2. Determine g(-4).
-16
Let r(u) = -43*u**2 - 6*u - 19. Let c(p) = 125*p**2 + 18*p + 54. Let b(x) = 6*c(x) + 17*r(x). Give b(1).
26
Let u(h) = 0*h**2 - 3 + h**2 - 1. Let x(k) = -k + 5 + 11 - 25 + 0. Let a be x(-6). What is u(a)?
5
Let p = -120 + 123. Suppose -s - 3*m = 9, -5 = p*s + m + 6. Let u(x) be the second derivative of x**4/12 + x**3/2 + x**2 - x. What is u(s)?
2
Let c(h) = 0 + h + 5 - 3. Let u(t) = t**3 + 6*t**2 + 9*t + 24. Let s be u(-5). Suppose 126*x - 124*x + s = 0. Calculate c(x).
0
Let